*s. What is w(z)?
-7
Let f(x) be the second derivative of -13*x**3/3 + 167*x**2/2 - 2120*x + 2. Calculate f(6).
11
Let f(s) = 13*s**3 - 2*s**2 + 1. Let d be f(1). Let q = -5 + d. Let j(h) = -7*h + h**2 + 59 - 186 + 67 + 54. What is j(q)?
-6
Let a(l) = 11*l + 62 - 1 - 39. Let r(s) = -5*s - 10. Let p(v) = 4*a(v) + 9*r(v). Let c = 9 - 2. Give p(c).
-9
Suppose 30*h + 43*h = 9*h. Let i(f) = 5*f**2 - 3*f - 5. What is i(h)?
-5
Let a(p) be the first derivative of p**3/3 - 7*p**2/2 + 12*p - 1413. Calculate a(6).
6
Let p(n) = -n + 1. Let i(u) = -2*u**2 - u + 9. Let b be 3/((-3)/(-3))*2/6. Let k(m) = b*i(m) - 2*p(m). Give k(5).
-38
Let b(r) be the third derivative of 1/6*r**3 - 1/3*r**4 + 18*r**2 - 2*r + 1/60*r**5 + 0. Give b(6).
-11
Let f(c) = 0*c - c + 0*c. Let n be 3*1 - (-9 + (-143)/(5 + -16)). Let q(y) = 6. Let m(t) = n*q(t) - 3*f(t). Give m(5).
9
Let u(b) = b + 42. Let p be (-11)/33 - (-25)/75. Give u(p).
42
Suppose 2*p - 4*v = -6, 5*p + 3 = -0*p + 4*v. Let q(f) = 6*f - 7*f - f**2 + 12 + 7*f**3 - 11. Determine q(p).
6
Suppose 45*b = -45*b - 620 - 370. Let q(a) = 6*a + 60. Calculate q(b).
-6
Let m(y) be the first derivative of y**4/4 - y**3 + 3*y**2/2 + 5*y - 4807. Calculate m(5).
70
Let y(a) = -3*a. Let s be y(-1). Let v(z) = z**3 + 6*z**2 + 6 - s*z - 4 + 10*z. Let b(c) = -c**3 - 5*c**2 - c - 5. Let g be b(0). What is v(g)?
-8
Let t be (-54)/(-45) + 49/5. Let f(d) = 3 - 7*d**2 - 12*d**3 + 2 + 0 - 4*d + t*d**3 - 6. What is f(-3)?
-25
Let s(h) be the first derivative of 16*h**2 + 174*h - 3105. Determine s(-6).
-18
Let d = 287 + -311. Let w be (d/(-20))/(-1*3/(-15)). Let v(h) = h**2 - 2*h + 2. Calculate v(w).
26
Let c(x) be the first derivative of 1/2*x**2 - 2*x + 158. Give c(8).
6
Suppose -1 = -5*i + 4. Let z(j) = -j**3 - 9*j + 0*j**2 - 2*j**2 - 7*j**2 + j**2 - i. Suppose 0 = -8*t - 62 + 6. What is z(t)?
13
Suppose 0 = -12*x - 86*x. Let i(l) = 2*l + 2. Determine i(x).
2
Let l(k) = 2*k**2 + 36*k - 44. Suppose y = 21 - 40. Let x be l(y). Let o(i) = i**3 + 5*i**2 - 7*i - 1. Calculate o(x).
5
Suppose 0 = 3*d - 7 - 5. Let f = -2136 + 2143. Suppose f*w = d*w - 15. Let z(q) = -q**2 - 6*q + 3. What is z(w)?
8
Let q(s) = s**3 - 7*s**2 - 10*s - 9. Suppose 7*i = -6*i - 65. Let l be 2 + -2 - -1*(3 - i). Calculate q(l).
-25
Let o(d) = -19*d**2 + 445*d + 28. Let g(r) = 17*r**2 - 397*r - 27. Let c(j) = 9*g(j) + 8*o(j). Give c(15).
11
Let r(x) = x**2 - x + 2. Let n(d) = -d**2 - 5*d + 11. Let y be n(-6). Suppose -y = c - 8. Let w be ((18/(-8))/c)/((-7)/28). Determine r(w).
8
Suppose -1391 = -4*x - 1371, 14 = 2*y + 2*x. Let g(s) = 47*s + 2. Determine g(y).
96
Let u(d) be the second derivative of -5*d**3/6 + 55*d**2/2 - 96*d. Let q be u(10). Let m(t) = t**3 - 5*t**2 + 4*t - 12. Determine m(q).
8
Let g = 961 - 952. Let r(j) = -j**3 + 8*j**2 + 9*j + 9. Calculate r(g).
9
Let o(t) = -t**3 - 5*t**2 - 2*t - 19. Let x(r) = r**3 + 5*r**2 + 18. Let i(y) = 4*o(y) + 3*x(y). Calculate i(-5).
18
Let r(z) be the first derivative of -z**4/4 + 10*z**3/3 + 2*z**2 + 15*z - 5322. Determine r(10).
55
Let f(a) = -3*a + 5. Let d be -2 + 0/(6/(-3 + 5)). Let t(p) = p - 1. Let k(o) = d*f(o) - 7*t(o). Give k(-5).
2
Let s(c) be the first derivative of -c**4/4 + 2*c**3 + 16*c**2 - 45*c - 3966. Give s(9).
0
Let p(j) be the second derivative of j**4/12 - j**3/6 + 7*j**2/2 - 1910*j. Suppose -i - 3*w - 3 = 0, 3*i - 3*w = 7*i + 3. What is p(i)?
7
Let s(f) = f + 16. Let o(k) = 4*k - 2*k**2 + 5*k**2 - 10 - 2*k**2 + 7*k + k**3 + 11*k**2. Let g be o(-11). Calculate s(g).
6
Let w be (135/(-36))/((-2)/(-8)). Let m(a) = a**3 + 16*a**2 + 18*a + 40. What is m(w)?
-5
Suppose -123*g + 7 + 377 = -107*g. Let m(r) = -r**2 + 23*r + 13. Give m(g).
-11
Let z = 113 - 117. Let m(h) = -4*h**2 + 9*h - 8. Let t(f) = 5*f**2 - 10*f + 10. Let w(q) = z*m(q) - 3*t(q). Let d be (1/(-2)*-2)/(13/91). Calculate w(d).
9
Let j = -94 - -100. Let k(r) = -j*r**2 + 29*r**3 - 3 + 0*r**2 - 7*r - 13*r**3 - 15*r**3. Suppose 0 = 2*m, 0 = 3*y + m - 21 - 0. What is k(y)?
-3
Let d(h) = -h**3 - 2*h**2 + 16*h + 42. Let t be d(-3). Let u(l) be the first derivative of -t*l + 1/3*l**3 - 18 + 3/2*l**2. Calculate u(-4).
1
Let u(f) = 5*f**3 + 8*f**2 - 42*f + 20. Let x(d) = 4*d**3 + 9*d**2 - 43*d + 17. Let w(z) = 5*u(z) - 6*x(z). What is w(6)?
-2
Suppose 0 = 4*y - 9*y - 5. Let d(z) = 10 + 1 + 4 - 107 + 93. Let m(s) = -s**3 + 3*s**2 + 5*s - 11. Let v(j) = y*m(j) - 5*d(j). What is v(4)?
2
Suppose -2*t = -2*y - 4*t + 164, -169 = -2*y - 3*t. Let m(c) = -26*c**3 + 2 + 5 - 52*c**3 + y*c**3. Let i = 2 - 2. What is m(i)?
7
Let c(x) = 12. Let p(l) = -6*l + 116. Let h(v) = -6*c(v) + p(v). Determine h(6).
8
Let q(i) = 1 + 2*i**2 - 3*i**2 - 6. Suppose -7*l + 25 = -10. Suppose 4*d + 5 = -5*z, -z + 6*z = 3*d - l. Give q(d).
-5
Suppose 9*w = 13*w. Let u be ((2 - 13) + w)/(-1 - -2). Let c(s) = -s**2 - 10*s + 5. Calculate c(u).
-6
Let p(t) = 2*t**2 - 1. Let x(r) be the second derivative of r**5/20 - 5*r**4/12 + 5*r**3/3 + 4*r**2 + r. Let s(f) = 6*p(f) + x(f). Determine s(-5).
2
Let q be (3 - -1 - -1) + 21 + -26. Let t(p) = p**3 - 7*p**2 - 7*p - 4. Let j be t(8). Let c(k) = 3 + k**2 - 4*k + 4*k + j. What is c(q)?
7
Let b(j) be the second derivative of 8*j**3/3 + 109*j**2 + 4259*j - 1. Give b(-14).
-6
Suppose 0 = -5*y + 80 + 280. Let r be (-153)/24 - (-27)/y. Let f(l) be the second derivative of l**4/12 + 3*l**3/2 + 2*l**2 - l. Calculate f(r).
-14
Suppose 220 = 47*q - 3*q. Let l(s) = s**2 - q + 8 + 181*s - 176*s. What is l(-3)?
-3
Suppose 386*i + 167*i = 77*i + 4760. Let l(o) = 3*o + 12. Give l(i).
42
Suppose 4*m - 3*q = -m + 22, 0 = m - 4*q - 1. Let d(u) be the first derivative of u**2/2 + 2*u - 5211. Give d(m).
7
Let f(i) = -455*i - 994. Let l(n) = 38*n + 82. Let r(s) = 3*f(s) + 35*l(s). Give r(-3).
-7
Let n(u) be the third derivative of -u**6/120 - u**5/10 - 5*u**4/24 - 5*u**3/6 - u**2 + 344*u. Give n(-6).
25
Let s(f) = f**3 - 4*f**2 - 2*f - 18. Let o be s(6). Let p(t) = -6*t - 21 + 3*t**2 + o - 2*t**2 - 15. What is p(3)?
-3
Let a(p) = -p + 1 + 2*p**2 - 7*p + 0. Let w = -43092 + 43096. Determine a(w).
1
Let q(f) = 14*f**3 - f**2 + 1. Let y(d) be the first derivative of 3/2*d**2 - 8 - 31*d. Let c be y(10). Determine q(c).
-14
Let u = -21 + 81. Suppose -18*p = -23*p + u. Suppose 0 = 3*q - 2*f + 3, -3*q - 2*f = -q + p. Let t(a) = 2*a**2 - 3*a + 1. Calculate t(q).
28
Let r(b) = 12*b**2 - 30*b + 14. Let y(g) = -11*g**2 + 29*g - 17. Let f(i) = -9*r(i) - 10*y(i). Determine f(7).
2
Let f(d) = 2*d**3 + d**2 + 2*d - 2. Let j(c) = 9*c**3 - 14*c**2 - 33*c - 7. Let m(z) = -4*f(z) + j(z). Determine m(20).
-19
Let d(k) = -8*k + 34. Let f(h) = 23*h**2 + 228*h - 15. Let q be f(-10). What is d(q)?
-6
Let v(d) = -20*d + 809. Let r be v(40). Let u(t) = 2*t**2 - 15*t - 20. Determine u(r).
7
Let o(q) = -q**3 + q + 5. Suppose 14 = 10*f - 26. Suppose 13*b + 5*b - f*b = 0. Give o(b).
5
Let y(v) = -3*v**3 - 2*v**2 + 5*v - 4. Suppose -i = 4*b + 15, 5*i + 2*b + 6 = 3*i. Let a be y(i). Let o(f) = -2*f**2 - 5*f - 3. Give o(a).
-15
Let x(c) = -13*c**2 + 13*c - 5. Let z be x(0). Let d(l) = l - 1. What is d(z)?
-6
Let z be ((25/2)/5)/(7/14). Suppose -q - z*p = -p + 21, -5*q = -5*p - 20. Let b(s) = s**2 - 1. Determine b(q).
0
Let y(n) be the first derivative of -37*n**2 + 294*n + 815. Give y(4).
-2
Let a = 14 + -13. Let o be (4 - 8) + (a - -7). Suppose o*j = 18 + 10. Let g(x) = -x**2 + 9*x - 9. What is g(j)?
5
Let a(i) = 11*i**2 + 19*i - 147. Let k(o) = -5*o**2 - 10*o + 81. Let n(u) = -4*a(u) - 9*k(u). What is n(7)?
6
Let r(p) be the third derivative of -p**6/120 + p**5/12 + p**4/12 - p**3/6 + 14*p**2 + 68. Let c be ((-3)/(-3))/(2/10). Let w = 0 + c. Give r(w).
9
Let v = 1580 - 1593. Let c(p) = 2*p**2 + 28*p + 27. Give c(v).
1
Let k(n) be the first derivative of 8*n + 50 + 1/2*n**2. What is k(-10)?
-2
Let a(h) = 5*h - 43*h**2 - 42*h**2 - 3*h + 84*h**2 - 1. Suppose 2*w + 3 = -1, -3*v - 3*w + 6 = 0. Give a(v).
-9
Let s(d) = -10*d + 1. Suppose 3*i - 10 = 32. Suppose -3*u + 0 + i = -2*y, 2*y - u + 6 = 0. Give s(y).
11
Let r(j) = -69*j**2 + 8*j - 21. Let u(t) = -52*t**2 + 9*t - 22. Let h(y) = -3*r(y) + 4*u(y). Calculate h(6).
11
Let s = 7 + -3. Let p = 5 - s. Let q(n) = 10*n**2 + 97*n + 11. Let f(v) = -v**2 + 16*v + 2. Let m(r) = -6*f(r) + q(r). Give m(p).
16
Suppose z - 429 - 6 = 0. Let j = -432 + z. L